digit of 1105?
1
What is the ten thousands digit of 52036?
5
What is the hundreds digit of 4318?
3
What is the thousands digit of 31902?
1
What is the thousands digit of 1246?
1
What is the thousands digit of 24295?
4
What is the hundreds digit of 20642?
6
What is the hundreds digit of 3080?
0
What is the units digit of 5550?
0
What is the thousands digit of 9555?
9
What is the thousands digit of 11679?
1
What is the hundreds digit of 56110?
1
What is the ten thousands digit of 75780?
7
What is the tens digit of 214?
1
What is the thousands digit of 34374?
4
What is the tens digit of 1378?
7
What is the tens digit of 9788?
8
What is the hundreds digit of 890?
8
What is the thousands digit of 7094?
7
What is the thousands digit of 24962?
4
What is the thousands digit of 69891?
9
What is the tens digit of 62799?
9
What is the tens digit of 40547?
4
What is the tens digit of 242?
4
What is the tens digit of 502?
0
What is the tens digit of 3009?
0
What is the tens digit of 1139?
3
What is the tens digit of 520?
2
What is the tens digit of 4241?
4
What is the units digit of 3879?
9
What is the hundreds digit of 2635?
6
What is the thousands digit of 1066?
1
What is the tens digit of 12554?
5
What is the tens digit of 47332?
3
What is the tens digit of 1297?
9
What is the hundreds digit of 11524?
5
What is the ten thousands digit of 14132?
1
What is the units digit of 4789?
9
What is the units digit of 701?
1
What is the thousands digit of 3467?
3
What is the ten thousands digit of 82304?
8
What is the tens digit of 817?
1
What is the units digit of 809?
9
What is the thousands digit of 83082?
3
What is the tens digit of 6102?
0
What is the hundreds digit of 17598?
5
What is the hundreds digit of 29451?
4
What is the thousands digit of 2292?
2
What is the thousands digit of 136850?
6
What is the hundreds digit of 24358?
3
What is the hundreds digit of 2174?
1
What is the thousands digit of 1192?
1
What is the ten thousands digit of 23951?
2
What is the hundreds digit of 2155?
1
What is the tens digit of 1626?
2
What is the tens digit of 5973?
7
What is the hundreds digit of 2036?
0
What is the thousands digit of 2767?
2
What is the hundreds digit of 7549?
5
What is the units digit of 1456?
6
What is the tens digit of 9081?
8
What is the thousands digit of 11761?
1
What is the hundreds digit of 7322?
3
What is the units digit of 31928?
8
What is the thousands digit of 20376?
0
What is the tens digit of 16805?
0
What is the hundreds digit of 77105?
1
What is the ten thousands digit of 27767?
2
What is the thousands digit of 1672?
1
What is the units digit of 1875?
5
What is the units digit of 12207?
7
What is the ten thousands digit of 11656?
1
What is the tens digit of 798?
9
What is the tens digit of 1014?
1
What is the thousands digit of 1834?
1
What is the tens digit of 954?
5
What is the hundreds digit of 108?
1
What is the ten thousands digit of 94531?
9
What is the hundreds digit of 1021?
0
What is the thousands digit of 60399?
0
What is the hundreds digit of 45100?
1
What is the units digit of 599?
9
What is the hundreds digit of 14545?
5
What is the units digit of 74100?
0
What is the units digit of 9515?
5
What is the units digit of 2?
2
What is the ten thousands digit of 90578?
9
What is the tens digit of 171?
7
What is the tens digit of 2208?
0
What is the hundreds digit of 19744?
7
What is the units digit of 381?
1
What is the hundreds digit of 66352?
3
What is the hundreds digit of 189?
1
What is the units digit of 175?
5
What is the hundreds digit of 2507?
5
What is the units digit of 5059?
9
What is the hundreds digit of 218?
2
What is the tens digit of 81?
8
What is the thousands digit of 1803?
1
What is the units digit of 9207?
7
What is the units digit of 16428?
8
What is the hundreds digit of 7593?
5
What is the tens digit of 63629?
2
What is the hundreds digit of 925?
9
What is the tens digit of 5862?
6
What is the units digit of 252?
2
What is the tens digit of 2200?
0
What is the units digit of 4810?
0
What is the tens digit of 10847?
4
What is the tens digit of 35176?
7
What is the hundreds digit of 2008?
0
What is the units digit of 338?
8
What is the tens digit of 1114?
1
What is the units digit of 3699?
9
What is the hundreds digit of 415?
4
What is the hundreds digit of 34425?
4
What is the units digit of 1907?
7
What is the thousands digit of 5864?
5
What is the hundreds digit of 13821?
8
What is the ten thousands digit of 85233?
8
What is the tens digit of 16241?
4
What is the units digit of 75?
5
What is the thousands digit of 1906?
1
What is the hundreds digit of 4421?
4
What is the tens digit of 2684?
8
What is the tens digit of 1603?
0
What is the hundreds digit of 613?
6
What is the tens digit of 3562?
6
What is the units digit of 250?
0
What is the hundreds digit of 1111?
1
What is the units digit of 37023?
3
What is the units digit of 31594?
4
What is the thousands digit of 13512?
3
What is the thousands digit of 5961?
5
What is the units digit of 7805?
5
What is the tens digit of 258?
5
What is the tens digit of 356?
5
What is the hundreds digit of 42669?
6
What is the ten thousands digit of 43087?
4
What is the units digit of 2905?
5
What is the ten thousands digit of 13717?
1
What is the thousands digit of 2277?
2
What is the units digit of 83484?
4
What is the thousands digit of 8706?
8
What is the tens digit of 12420?
2
What is the tens digit of 10392?
9
What is the thousands digit of 21721?
1
What is the hundred thousands digit of 168100?
1
What is the tens digit of 2110?
1
What is the ten thousands digit of 10278?
1
What is the hundreds digit of 258?
2
What is the hundreds digit of 1100?
1
What is the units digit of 160?
0
What is the tens digit of 2590?
9
What is the hundreds digit of 541?
5
What is the units digit of 14263?
3
What is the units digit of 15214?
4
What is the ten thousands digit of 18201?
1
What is the ten thousands digit of 20895?
2
What is the units digit of 120659?
9
What is the hundreds digit of 830?
8
What is the tens digit of 6082?
8
What is the thousands digit of 163779?
3
What is the units digit of 4257?
7
What is the units digit of 910?
0
What is the hundreds digit of 4788?
7
What is the tens digit of 2288?
8
What is the hundreds digit of 3348?
3
What is the units digit of 410?
0
What is the tens digit of 1095?
9
What is the tens digit of 62776?
7
What is the hundreds digit of 2623?
6
What is the units digit of 7554?
4
What is the hundreds digit of 558?
5
What is the hundreds digit of 6416?
4
What is the ten thousands digit of 23161?
2
What is the tens digit of 15892?
9
What is the units digit of 1077?
7
What is the hundreds digit of 3433?
4
What is the thousands digit of 1567?
1
What is the thousands digit of 3019?
3
What is the units digit of 59680?
0
What is the thousands digit of 6132?
6
What is the units digit of 246?
6
What is the tens digit of 1585?
8
What is the thousands digit of 1306?
1
What is the thousands digit of 52840?
2
What is the units digit of 33971?
1
What is the units digit of 4491?
1
What is the thousands digit of 17673?
7
What is the tens digit of 2308?
0
What is the thousands digit of 8170?
8
What is the tens digit of 15724?
2
What is the tens digit of 34274?
7
What is the thousands digit of 5620?
5
What is the hundreds digit of 1549?
5
What is the tens digit of 3040?
4
What is the tens digit of 2117?
1
What is the hundreds digit of 103725?
7
What is the tens digit of 28858?
5
What is the ten thousands digit of 73074?
7
What is the hundreds digit of 26952?
9
What is the hundreds digit of 2666?
6
What is the tens digit of 29749?
4
What is the tens digit of 32700?
0
What is the hundreds digit of 39545?
5
What is the ten thousands digit of 16449?
1
What is the units digit of 1244?
4
What is the tens digit of 12?
1
What is the tens digit of 2868?
6
What is the tens digit of 521?
2
What is the thousands digit of 10256?
0
What is the units digit of 3582?
2
What is the thousands digit of 31700?
1
What is the tens digit of 1944?
4
What is the tens digit of 1655?
5
What is the thousands digit of 12385?
2
What is the units digit of 116845?
5
What is the hundreds digit of 4906?
9
What is the tens digit of 1159?
5
What is the thousands digit of 86920?
6
What is the 